omposite number?
False
Let l be 8/((-32)/(-36)) - 4. Is l - 4/((-12)/19107) a composite number?
True
Suppose 179*x = 87*x + 88*x + 159708. Is x a composite number?
True
Suppose -3*d + 3*g = 18204, 3*d - 8*g = -11*g - 18186. Let c = d - -49638. Is c composite?
False
Suppose 1468*c - 1398*c - 1677970 = 0. Is c a composite number?
False
Let g(v) = -v**2 - 1 + 23*v + 0*v**2 - 7 + 1. Let b be g(9). Let c = 336 - b. Is c a composite number?
True
Let f = -135019 + 301742. Is f a composite number?
False
Let r(w) = 871*w**2 - 15*w - 3. Suppose -4*x - 8 = 0, -3*x = b - 0*x + 11. Is r(b) a prime number?
False
Suppose 15*h = 4*h. Suppose -3*x - 6 = 9, h = 2*b - 5*x - 3923. Is b a prime number?
True
Let m(h) be the second derivative of 29*h**5/20 + 5*h**4/6 - 2*h**3/3 + h**2 - 12*h. Is m(6) prime?
False
Is 7 + 248*(-16947)/(-21) a composite number?
True
Let y = -1080061 + 1756020. Is y prime?
True
Suppose 53*k = 54*k + 2454. Let t = k + 3913. Is t composite?
False
Let t(a) = 5*a + 18. Let h be t(11). Let b = h - -31. Suppose -38*j + b = -34*j. Is j composite?
True
Suppose -l - 3*y + 63577 = 0, -12*y = -16*y. Is l prime?
True
Let b(l) = l**2 - 2*l + 6. Let s be b(5). Let o(m) be the second derivative of -m**5/20 + 19*m**4/12 + 8*m**3 - 41*m**2/2 + 1504*m. Is o(s) a composite number?
True
Suppose -4*w + 97 = 89. Is w/(-11) - (-2147742)/198 prime?
True
Let m = 33687 - -32087. Is m composite?
True
Let c(w) = -2*w**3 + 8*w**2 - 15*w + 7. Let i = 97 - 88. Let o be c(i). Let d = o - -1335. Is d a prime number?
True
Suppose 2*q - 19456 = -3*z, -3*q - 4*z + 5631 + 23554 = 0. Is q composite?
True
Let q be (1 - 8) + ((-3)/(-3) - 3). Let s be (q/2)/(4/(-1688)). Suppose 23*v + s = 26*v. Is v composite?
True
Let z(w) = 1298*w**2 + 12*w + 127. Is z(9) prime?
True
Let d be (-3)/1 + -2 - -22. Suppose -19*r = -d*r - 4474. Is r a prime number?
True
Suppose 61369*r + 615711 = 61372*r. Is r a prime number?
True
Suppose o = c - 72763, 4*o + 92935 = c + 20172. Is c a composite number?
False
Is (-32)/144*54/12*-305093 prime?
True
Let z = -874 + 1316. Let j = z - 191. Is j a composite number?
False
Suppose -321 = -12*c + 363. Suppose 81*z = c*z + 100824. Is z a composite number?
False
Suppose -61610 = -6*h + 11*h. Let m = h - -25031. Suppose -5*b = 3914 - m. Is b composite?
False
Let w = 17272 - -4515. Is w prime?
True
Suppose 0 = 13*o - 8*o - 325. Let w = o + -68. Is ((-148)/2)/(1 - (-6)/w) a composite number?
True
Let q be 3/(-3 - ((-2)/4 - 3)). Suppose q*b + 3*j + 2693 = 7*b, -4*b + 10794 = -j. Is b composite?
False
Suppose -38*a + 1080 = -2*a. Is ((-48130)/20)/((-3)/a) a prime number?
False
Let k be 53857 - (-5 + 48/8). Suppose -2*n - 2*h = -k, 0 = 3*n + h - 27721 - 53061. Is n composite?
False
Suppose -13*b + 1928312 = 70*b - 29053679. Is b a composite number?
True
Is 357/170*(-30)/(-84) + 724930/8 composite?
False
Let q(p) = 9*p**3 + 16*p**2 + 36*p - 2579. Is q(40) composite?
True
Suppose -o - 5*i + 78979 = 0, 3*o - 281246 = 3*i - 44381. Is o a composite number?
True
Suppose 0 = 59*b + 89*b - 61018772. Is b a composite number?
False
Suppose -498 - 182 = -4*r. Suppose -166*t - 25828 = -r*t. Is t a composite number?
True
Suppose 4*s + z = 118918, 0 = 28*s - 24*s + 2*z - 118916. Suppose s = 25*v - 10*v. Is v a prime number?
False
Suppose -2*i + 6*p = 2*p - 116, -2*i - 3*p = -95. Suppose -4*c - i = -17*c. Suppose c*b - 4*x + 723 = 5*b, -5*x + 2837 = 4*b. Is b a prime number?
False
Is -17 + (4 - -9455) - 0/1 prime?
False
Let n(y) = -12356*y - 6. Let m be n(-1). Suppose -j + 6166 = 2*v - 7*v, 2*j - m = 4*v. Is j prime?
False
Is 5000/(-1875) + (-4321972)/(-6) composite?
True
Let c = -15527 - -45010. Is c a prime number?
True
Let h(c) = c. Let v(a) = -1026*a - 4. Let m(q) = 10*h(q) + v(q). Let f be m(-1). Suppose 0 = -0*p + 4*p - f. Is p a composite number?
True
Let w(f) = -f**3 - 8*f**2 + 7*f - 18. Suppose -65 = 5*m - 2*s - 10, -3*m = -5*s + 52. Let n be w(m). Suppose -9*y + 777 + 6000 = n. Is y composite?
True
Suppose -25 + 79 = 2*i. Suppose 4*p - i = 45. Suppose p - 6 = -4*m, 3*y = -2*m + 10971. Is y composite?
False
Is (-29)/(-3 + (-80072)/(-26692)) prime?
False
Let n(i) = 94*i**2 - 39*i + 449. Is n(12) a prime number?
False
Let m(s) = -3*s - 21. Let y(c) = 2*c + 20. Let a(w) = 5*m(w) + 4*y(w). Let r be a(-4). Suppose -o + b = -413, r*o - 2*b = -o + 1644. Is o composite?
False
Let c(d) = -d**3 + d**2. Let h be c(2). Is (-6520)/(-6) + (h - (-39)/9) prime?
True
Let k(o) = 2253*o + 28. Is k(1) a prime number?
True
Is (1584/(-165) - -9) + (-1933888)/(-5) a composite number?
False
Let c be 2242/11 + 6/33. Let o = 473 + c. Is o composite?
False
Suppose 30*h = 102*h + 104*h - 1611280. Is h prime?
False
Is (((-3)/(-2))/(33/(-22)))/(1/(-28493)) composite?
False
Let c = 44526 + -19190. Suppose -4*a + 3*f = -c, -5*f - 31670 = 9*a - 14*a. Is a a prime number?
False
Let i = -334 - -337. Suppose -i*f + 3*p = -2*f - 2916, -4*f + 11584 = 4*p. Is f composite?
True
Let y = 54 - 58. Let t be 2694 + (-2 - (-6)/3). Is ((-20)/6)/(y/t) composite?
True
Suppose -3*q + 15 = 0, 4*i + 14*q - q - 11997 = 0. Is i composite?
True
Is (1/1)/((-5)/(-15)) + 1562992/4 composite?
False
Let t(j) = -j**3 - 9*j**2 - 11*j - 21. Let n be t(-8). Suppose -5*o + 2187 = 3*f + 326, o = n*f + 365. Is o a composite number?
True
Suppose 0 = -7*s - 26*s + 178110 + 1412391. Is s prime?
True
Suppose p - 4 = 1. Suppose -440 = 3*d - p*d. Let x = 513 - d. Is x prime?
True
Is (-1 - -43660) + 25 + -24 + 7 a composite number?
True
Is 35 + 264/(-24) - -17221 a composite number?
True
Is (-534893)/(-107) + -6*2 prime?
True
Suppose -5*h = -4*x - 474, -4*x - 4*h = -8*h + 472. Let q = -166 - x. Let o = q - -105. Is o composite?
True
Let c = -180 - -182. Is c/(-8) - 401390/(-88) composite?
False
Suppose 9*l - 25784 = 21718. Suppose 5*g - k - 26510 = 0, -5*g + 4*g + 5*k = -l. Is g a composite number?
False
Suppose 2*o = -3*l + 16845, -l - 61*o + 5628 = -56*o. Is (-4 - (-3 + 0)) + l + -9 composite?
True
Is (-1 - -7)*(-48)/1008 - 36233538/(-42) composite?
False
Suppose -3*d + 4*k = -869771, -4*k + 532504 = -5*d + 1982117. Is d prime?
False
Let l(n) be the first derivative of 231*n**2 - 5*n - 2. Suppose 0 = -k - 3*x, -13*x = 4*k - 8*x - 14. Is l(k) composite?
False
Let d = -6704 + 10810. Let i = d - -6251. Is i a composite number?
False
Suppose 0 = 13*j - 15*j - 4*v + 214634, -3*v + 21 = 0. Is j composite?
True
Let u = -12 + 7. Let l(p) = -p**3 + 4*p**2 - 3*p + 411. Let g(d) = 2*d**3 - 7*d**2 + 5*d - 822. Let r(v) = u*l(v) - 3*g(v). Is r(0) composite?
True
Suppose 0 = 5*m - g - 28, -14 = -5*m + m - 2*g. Suppose -m*n + 58021 = 4*l, 3*l = 5*n + 24213 + 19329. Is l prime?
False
Let d be ((-154)/(-5))/((-5)/(-875)). Suppose 0 = 4*c - 4, s - d = 4*c - 2*c. Suppose -s = 10*g - 18*g. Is g prime?
False
Suppose 1364*o - 16253171 = 1353*o. Is o prime?
False
Let d(b) = 91*b - 8. Suppose -3*o - 2 = -2. Let s be (3/6)/(o + (-4)/(-24)). Is d(s) prime?
False
Let r(c) = -1726*c - 2445. Is r(-7) a composite number?
True
Let x = -1191 - -1693. Let t = x + 585. Is t prime?
True
Suppose 0 = -y - l - 3348, y - 2*l - 10049 = 4*y. Let x = -4 + y. Let u = -2302 - x. Is u prime?
False
Let c(d) = -5775*d - 179. Let x(u) = -u - 2. Let l(v) = c(v) - 3*x(v). Is l(-5) composite?
False
Suppose 37*l - 7445476 = 14635498 - 4263661. Is l prime?
True
Let c(i) = i**2 + 8*i + 9. Let y be (-20)/(-40)*(-15 - -1). Let j be c(y). Suppose 0 = j*g - 14 - 176. Is g prime?
False
Let p = -338 + 341. Is (-1)/1 + 12406 + (-12)/p prime?
True
Is (-15)/((-225)/(-267879))*-5 composite?
False
Let i(x) = 15*x**2 - 12*x + 19. Let t be i(7). Suppose 4046 = 12*f - t. Is f composite?
True
Suppose -4*x - 82*u + 118214 = -80*u, -5*u = 3*x - 88678. Is x a prime number?
False
Suppose -2*p - 1 + 36 = -5*m, 0 = -3*p - 5*m + 15. Suppose -15535 = -23*f + p*f. Is f a composite number?
True
Suppose 2*r = 4*h - 62, -4*r = 4*h - 45 - 23. Suppose 4*n + 0 = h. Suppose -5*v + 1169 = j, -8*v = -7*v - n*j - 217. Is v a prime number?
True
Let v(i) be the third derivative of 3757*i**6/30 - i**5/60 + 5*i**4/24 - 5*i**3/6 + 3*i**2 - 19. Is v(1) composite?
True
Let l(z) = 76*z**2 + 56*z + 1. Let v(j) = j**3 - 18*j**2 + 33*j - 24. Let d be v(16). Is l(d) composite?
True
Suppose -3631 - 19577 = -6*v. Let y = 5711 - v. Is y